{"id":506,"date":"2013-07-21T00:56:26","date_gmt":"2013-07-20T21:56:26","guid":{"rendered":"http:\/\/www.launostenkartano.com\/?page_id=506"},"modified":"2023-03-24T09:00:28","modified_gmt":"2023-03-24T07:00:28","slug":"henkilokunta","status":"publish","type":"page","link":"https:\/\/www.launostenkartano.com\/?page_id=506","title":{"rendered":"Henkil\u00f6kunta"},"content":{"rendered":"<p><strong><a href=\"https:\/\/www.launostenkartano.com\/tarina\/wp-content\/uploads\/2013\/07\/Image4.jpg\"><img loading=\"lazy\" decoding=\"async\" class=\"size-thumbnail wp-image-510 alignleft\" title=\"Virpi\" src=\"https:\/\/www.launostenkartano.com\/tarina\/wp-content\/uploads\/2013\/07\/Image4-150x150.jpg\" alt=\"\" width=\"150\" height=\"150\" \/><\/a>Virpi Jouttela<\/strong><br \/>\nomistaja, yritt\u00e4j\u00e4<br \/>\npuh. 040 \u2013 558 4247<\/p>\n<p>Pienest\u00e4 pit\u00e4en olen pit\u00e4nyt el\u00e4imist\u00e4, varsinkin hevosista. Jo alakoulussa olen kuulemma todennut opettajalle, ett\u00e4 isona minusta tulee karjapaimen. Yritt\u00e4j\u00e4n\u00e4 aloitin el\u00e4intenpidon vuonna 2008 ja hevoset tulivat mukaan yritystoimintaan muutamaa vuotta my\u00f6hemmin.<\/p>\n<p>Ty\u00f6skentelen p\u00e4ivitt\u00e4in tilalla, vastuualueenani on el\u00e4intenhoito, viljely ja maatilna arkity\u00f6t. Perheeseeni auttaa tilan t\u00f6iss\u00e4 mahdollisuuksien mukaan, ensisijaisesti lapset kuitenkin keskittyv\u00e4t koulunk\u00e4yntiin. Harrastan historiallista ratsastusta sek\u00e4\u00a0 basson soittoa ja laulamista lauluryhm\u00e4ss\u00e4 Valomerkki.<\/p>\n<p><strong><img loading=\"lazy\" decoding=\"async\" class=\"alignleft wp-image-627 size-thumbnail\" src=\"https:\/\/www.launostenkartano.com\/tarina\/wp-content\/uploads\/2013\/07\/308842_10150373081007147_121565914_n-150x150.jpg\" alt=\"Janne Jouttela\" width=\"150\" height=\"150\" \/>Janne Jouttela<\/strong><br \/>\nomistaja, konevastaava\u00a0 puh. 0400 \u2013 686528<\/p>\n<p>Asun tilalla ja hoidan kirjavaa kalustoamme vapaa-ajallani, leip\u00e4ty\u00f6ni on Vantaalla. Osallistun tarvittaessa el\u00e4mysp\u00e4ivien ja kurssien j\u00e4rjestelyihin.<\/p>\n","protected":false},"excerpt":{"rendered":"<p>Virpi Jouttela omistaja, yritt\u00e4j\u00e4 puh. 040 \u2013 558 4247 Pienest\u00e4 pit\u00e4en olen pit\u00e4nyt el\u00e4imist\u00e4, varsinkin hevosista. Jo alakoulussa olen kuulemma todennut opettajalle, ett\u00e4 isona minusta tulee karjapaimen. Yritt\u00e4j\u00e4n\u00e4 aloitin el\u00e4intenpidon vuonna 2008 ja hevoset tulivat mukaan yritystoimintaan muutamaa vuotta my\u00f6hemmin. &hellip; <a href=\"https:\/\/www.launostenkartano.com\/?page_id=506\">Lue loppuun <span class=\"meta-nav\">&rarr;<\/span><\/a><\/p>\n","protected":false},"author":1,"featured_media":0,"parent":103,"menu_order":27,"comment_status":"closed","ping_status":"closed","template":"","meta":{"footnotes":""},"class_list":["post-506","page","type-page","status-publish","hentry"],"_links":{"self":[{"href":"https:\/\/www.launostenkartano.com\/index.php?rest_route=\/wp\/v2\/pages\/506","targetHints":{"allow":["GET"]}}],"collection":[{"href":"https:\/\/www.launostenkartano.com\/index.php?rest_route=\/wp\/v2\/pages"}],"about":[{"href":"https:\/\/www.launostenkartano.com\/index.php?rest_route=\/wp\/v2\/types\/page"}],"author":[{"embeddable":true,"href":"https:\/\/www.launostenkartano.com\/index.php?rest_route=\/wp\/v2\/users\/1"}],"replies":[{"embeddable":true,"href":"https:\/\/www.launostenkartano.com\/index.php?rest_route=%2Fwp%2Fv2%2Fcomments&post=506"}],"version-history":[{"count":10,"href":"https:\/\/www.launostenkartano.com\/index.php?rest_route=\/wp\/v2\/pages\/506\/revisions"}],"predecessor-version":[{"id":1132,"href":"https:\/\/www.launostenkartano.com\/index.php?rest_route=\/wp\/v2\/pages\/506\/revisions\/1132"}],"up":[{"embeddable":true,"href":"https:\/\/www.launostenkartano.com\/index.php?rest_route=\/wp\/v2\/pages\/103"}],"wp:attachment":[{"href":"https:\/\/www.launostenkartano.com\/index.php?rest_route=%2Fwp%2Fv2%2Fmedia&parent=506"}],"curies":[{"name":"wp","href":"https:\/\/api.w.org\/{rel}","templated":true}]}}