{"id":776,"date":"2017-04-25T12:43:32","date_gmt":"2017-04-25T09:43:32","guid":{"rendered":"http:\/\/www.launostenkartano.com\/?page_id=776"},"modified":"2025-04-02T10:58:16","modified_gmt":"2025-04-02T08:58:16","slug":"kisakutsu","status":"publish","type":"page","link":"https:\/\/www.launostenkartano.com\/?page_id=776","title":{"rendered":"KILPAILUKUTSU"},"content":{"rendered":"\n<p><br>Kilpailun nimi:<br><strong>Cowboy Games 2025<\/strong><br>Aika:<br>6-8.6.2025<br>Kilpailunjohtaja:<br>Virpi Jouttela (0405584247)<br>Kilpailupaikka:<br>Launosten Kartano, Pehtoorintie 18, 12540 Launonen<br>Tuomarit:<br>Outi Lyytik\u00e4inen, Hanna Mustajoki, Mari Pelkonen<br>S\u00e4\u00e4nn\u00f6t:<br>Finnish Cowboy Association, viralliset karjalajien s\u00e4\u00e4nn\u00f6t. My\u00f6s muissa kuin karjaluokissa sovelletaan karjalajien s\u00e4\u00e4nt\u00f6j\u00e4 niilt\u00e4 osin kuin ne poikkeavat lajikohtaisista s\u00e4\u00e4nn\u00f6ist\u00e4.<br><br>Ilmoittautumiset:<br>KAIKKI ILMOITTAUTUMISET S\u00c4HK\u00d6POSTILLA osoitteeseen karjalajit@outlook.com<br>Viimeinen ilmoittautumisp\u00e4iv\u00e4 on 15.5.<br>Sen j\u00e4lkeen tulleista ilmoittautumisista perimme luokkamaksut tuplana.<\/p>\n\n\n\n<p>ILMOITTAUTUMISEN YHTEYDESS\u00c4 on ilmoitettava my\u00f6s saapuvan kuljetuskaluston mitat, purkusuunta ja y\u00f6pymistarve, jotta osataan j\u00e4rjest\u00e4\u00e4 ja pohjustaa t\u00e4m\u00e4 Ranch Camping mahdllisimman toimivaksi.<br><\/p>\n\n\n\n<p>Maksut:<br>Kaikki lajit 10\u20ac\/ luokka\/ osallistuja<br>Karjamaksu: 30\u20ac \/p\u00e4iv\u00e4\/osallistuja (Vain karjalajeissa!)<br>Maksettava ennen luokan alkua:<br>Launosten Kartano FI 43 1264 3000 1088 89<br>VIITE: OMA NIMI JA KISAMAKSU<br>Muista maksutavoista voi sopia Virpi Jouttelan kanssa: 0405584247<br><br><\/p>\n\n\n\n<p>Majoitus, hevosten y\u00f6pyminen:<br>Tiedustelut Virpi Jouttela p. 0405584247, sek\u00e4 ihmisten ett\u00e4 hevosten majoitusmahdollisuudet sis\u00e4tiloissa ovat t\u00e4n\u00e4 vuonna olemattomat. Kisakeitti\u00f6 rakennetaan entist\u00e4 parempana tallinpihaan. Hioskit\u00e4ti on alustavasti lupautunut paikalle entist\u00e4 paremmilla ev\u00e4ill\u00e4 niin ratsastajille kuin ratsuille!<br><br><\/p>\n\n\n\n<p>Kilpailulajit ja luokat sek\u00e4 alustava aikataulu:<br>Aikataulu julkaistaan l\u00e4hemp\u00e4n\u00e4 kilpailuja tarkemmin, viimeist\u00e4\u00e4n kuitenkin 6.6. Aikataulu on suuntaa antava ja kilpailijan teht\u00e4v\u00e4 on itse huolehtia olevansa paikalla. Virallista kilpailuaikataulua julkaistaan kilpailupaikan ilmoitustaululla ja sit\u00e4 p\u00e4ivitet\u00e4\u00e4n tuomariston toimesta. Jos tulet kesken p\u00e4iv\u00e4n ja haluat tiet\u00e4\u00e4 aikataulun p\u00e4ivitystilanteen niin ota yhteytt\u00e4 kisap\u00e4ivystys numeroon, joka l\u00f6ytyy ilmoittautuneille l\u00e4hetett\u00e4v\u00e4st\u00e4 kisainfosta.<\/p>\n\n\n\n<p>PERJANTAI 6.6. klo:16.00 alkaen<br>Cattle Trail<br>avoin luokka, HUOM! Joukkueet muodostettava ITSE ja kapteenin ilmoitettava joukkuekokoonpano 1.6. menness\u00e4 ilmoittautumis s\u00e4hk\u00f6posti osoitteeseen.<\/p>\n\n\n\n<p>LAUANTAI 7.6 klo:10.00 alkaen<br>Team Sorting<br>1 taso, 2 taso<br>Barel Race:<br>1 taso, 2 taso<\/p>\n\n\n\n<p>SUNNUNTAI 8.9. klo:10.00 alkaen<br>Team Penning<br>1 taso, 2 taso<br>Cattle Penning<br>1 taso, 2 taso<\/p>\n\n\n\n<p>Osallistumisoikeuksista:<br>Kilpailijoiden alaik\u00e4raja on 12 vuotta<br>Vauhtilajeihin saa osallistua kuka tahansa, vaikka aikaisempaa kokemusta ei olisi.<br>Karjalajeihin saa osallistua, jos on paimentanut karjaa aikaisemmin.<br>Taso 1 on aloitteleville kisaajille. Taso 2 on kokeneille kisaajille. Jos et tied\u00e4 kummalle tasolle kuulut, kysy sit\u00e4 ilmoittautumisen yhteydess\u00e4.<\/p>\n\n\n\n<p>J\u00e4rjest\u00e4j\u00e4 pid\u00e4tt\u00e4\u00e4 oikeuden yhdist\u00e4\u00e4 luokat kesken\u00e4\u00e4n, jos ilmoittautumistilanne sen vaatii.<br>Team Penningiss\u00e4 ratsukko voi kuulua kahteen joukkueeseen!<br>Huomioi t\u00e4m\u00e4:<br>J\u00e4rjest\u00e4j\u00e4 ei vakuuta kilpailijoita!<br>Hevosella ei tarvitse olla l\u00e4nnen varusteita.<br>Ratsastajalla tulee olla pitk\u00e4hihainen kauluspaita.<br>P\u00e4\u00e4ss\u00e4 tulee olla kisatessa kyp\u00e4r\u00e4 tai l\u00e4nnenhattu.<br>Huomioi hyv\u00e4 tautisuoja.<br>Eth\u00e4n saavu, jos sinulla on flunssan oireita.<br>Kyp\u00e4r\u00e4n k\u00e4ytt\u00e4minen on pakollista kaikille alle 18 vuotiaille, ratsastaessa.<br>Saavuthan paikalle iloisin mielin taskut t\u00e4ynn\u00e4 rentoa asennetta. Emme kisaa otsat rypyss\u00e4.<br>S\u00e4\u00e4nn\u00f6t on p\u00e4ivitetty ja ne l\u00f6ytyv\u00e4t linkist\u00e4 <a href=\"https:\/\/l.facebook.com\/l.php?u=https%3A%2F%2Fwww.finnishcowboys.fi%2Fhome%3Ffbclid%3DIwZXh0bgNhZW0CMTAAAR3L3VYaQuqwS2mq4vJ4ZJPgpGZx6DosB8e5c1LTOBp3c4eAH808Mz0Wk5I_aem_lk6yJIEk19SPDIJxzx4Dog&amp;h=AT2YSwWB69XKk-SK6gibhZVKW-3m6sLkYEWVoRDCF-CXwedCOSsYTsnb-3qewD7CHRJsSJassfUMHrH9b2I-It-rParI4894Ig6fr8fWTTWB38h6_SEneU8W5WbLicOp9Bdum3eC4w4sGhXkp45j&amp;__tn__=q&amp;c[0]=AT0tKnpsQ8URlyBDv8z_Zm_v9Sqmyd9nX4rRDxBTzY1C2NY738k2Uchl1ylxio3jf0uUSvbuL1iqiDWGvEMtIjPN7mMU85fyopO71EbClDBdwpSZJ_uFrOLjLcIRVVatrr3gDVqsW0xqYHTZLdfM43wK85iktjX6HQ6ZTitQN6TJFGCikOO1\" target=\"_blank\" rel=\"noreferrer noopener\">https:\/\/www.finnishcowboys.fi\/home<\/a> .<br>Ep\u00e4selviss\u00e4 tilanteissa tuomaristo ratkaisee tilanteen.<br><br><\/p>\n\n\n\n<p>L\u00c4MPIM\u00c4STI TERVETULOA!<\/p>\n","protected":false},"excerpt":{"rendered":"<p>Kilpailun nimi:Cowboy Games 2025Aika:6-8.6.2025Kilpailunjohtaja:Virpi Jouttela (0405584247)Kilpailupaikka:Launosten Kartano, Pehtoorintie 18, 12540 LaunonenTuomarit:Outi Lyytik\u00e4inen, Hanna Mustajoki, Mari PelkonenS\u00e4\u00e4nn\u00f6t:Finnish Cowboy Association, viralliset karjalajien s\u00e4\u00e4nn\u00f6t. My\u00f6s muissa kuin karjaluokissa sovelletaan karjalajien s\u00e4\u00e4nt\u00f6j\u00e4 niilt\u00e4 osin kuin ne poikkeavat lajikohtaisista s\u00e4\u00e4nn\u00f6ist\u00e4. Ilmoittautumiset:KAIKKI ILMOITTAUTUMISET S\u00c4HK\u00d6POSTILLA osoitteeseen karjalajit@outlook.comViimeinen &hellip; <a href=\"https:\/\/www.launostenkartano.com\/?page_id=776\">Lue loppuun <span class=\"meta-nav\">&rarr;<\/span><\/a><\/p>\n","protected":false},"author":3,"featured_media":0,"parent":770,"menu_order":0,"comment_status":"closed","ping_status":"closed","template":"","meta":{"footnotes":""},"class_list":["post-776","page","type-page","status-publish","hentry"],"_links":{"self":[{"href":"https:\/\/www.launostenkartano.com\/index.php?rest_route=\/wp\/v2\/pages\/776","targetHints":{"allow":["GET"]}}],"collection":[{"href":"https:\/\/www.launostenkartano.com\/index.php?rest_route=\/wp\/v2\/pages"}],"about":[{"href":"https:\/\/www.launostenkartano.com\/index.php?rest_route=\/wp\/v2\/types\/page"}],"author":[{"embeddable":true,"href":"https:\/\/www.launostenkartano.com\/index.php?rest_route=\/wp\/v2\/users\/3"}],"replies":[{"embeddable":true,"href":"https:\/\/www.launostenkartano.com\/index.php?rest_route=%2Fwp%2Fv2%2Fcomments&post=776"}],"version-history":[{"count":14,"href":"https:\/\/www.launostenkartano.com\/index.php?rest_route=\/wp\/v2\/pages\/776\/revisions"}],"predecessor-version":[{"id":1199,"href":"https:\/\/www.launostenkartano.com\/index.php?rest_route=\/wp\/v2\/pages\/776\/revisions\/1199"}],"up":[{"embeddable":true,"href":"https:\/\/www.launostenkartano.com\/index.php?rest_route=\/wp\/v2\/pages\/770"}],"wp:attachment":[{"href":"https:\/\/www.launostenkartano.com\/index.php?rest_route=%2Fwp%2Fv2%2Fmedia&parent=776"}],"curies":[{"name":"wp","href":"https:\/\/api.w.org\/{rel}","templated":true}]}}